957?
2957
List the prime factors of 37097.
37097
What are the prime factors of 997?
997
What are the prime factors of 4737?
3, 1579
What are the prime factors of 1315?
5, 263
What are the prime factors of 22262?
2, 11131
List the prime factors of 1928.
2, 241
List the prime factors of 146.
2, 73
List the prime factors of 3050.
2, 5, 61
What are the prime factors of 99966?
2, 3, 16661
What are the prime factors of 15179?
43, 353
What are the prime factors of 6635?
5, 1327
List the prime factors of 4444.
2, 11, 101
What are the prime factors of 64389?
3, 13, 127
What are the prime factors of 68205?
3, 5, 4547
What are the prime factors of 2719?
2719
List the prime factors of 1269.
3, 47
List the prime factors of 1889.
1889
List the prime factors of 1488.
2, 3, 31
What are the prime factors of 48778?
2, 29
List the prime factors of 404.
2, 101
List the prime factors of 72034.
2, 36017
What are the prime factors of 196272?
2, 3, 29, 47
List the prime factors of 8635.
5, 11, 157
List the prime factors of 24386.
2, 89, 137
List the prime factors of 25175.
5, 19, 53
What are the prime factors of 55218?
2, 3, 9203
List the prime factors of 4042.
2, 43, 47
What are the prime factors of 687?
3, 229
List the prime factors of 13095.
3, 5, 97
What are the prime factors of 103576?
2, 11, 107
What are the prime factors of 14161?
7, 17
List the prime factors of 3478.
2, 37, 47
What are the prime factors of 29328?
2, 3, 13, 47
List the prime factors of 9175.
5, 367
List the prime factors of 2276.
2, 569
What are the prime factors of 1740?
2, 3, 5, 29
List the prime factors of 17401.
17401
What are the prime factors of 106438?
2, 19, 2801
What are the prime factors of 73211?
179, 409
List the prime factors of 6541.
31, 211
What are the prime factors of 6042?
2, 3, 19, 53
What are the prime factors of 1102?
2, 19, 29
List the prime factors of 24964.
2, 79
List the prime factors of 4.
2
What are the prime factors of 1032?
2, 3, 43
List the prime factors of 24076.
2, 13, 463
List the prime factors of 577.
577
What are the prime factors of 7227?
3, 11, 73
List the prime factors of 1822.
2, 911
List the prime factors of 2281.
2281
What are the prime factors of 34999?
31, 1129
What are the prime factors of 37498?
2, 18749
What are the prime factors of 1199?
11, 109
List the prime factors of 326.
2, 163
What are the prime factors of 51783?
3, 41, 421
List the prime factors of 3640.
2, 5, 7, 13
List the prime factors of 4805.
5, 31
List the prime factors of 13522.
2, 6761
List the prime factors of 1287.
3, 11, 13
What are the prime factors of 19003?
31, 613
List the prime factors of 632.
2, 79
List the prime factors of 3853.
3853
List the prime factors of 22024.
2, 2753
What are the prime factors of 680?
2, 5, 17
List the prime factors of 2577.
3, 859
List the prime factors of 3358.
2, 23, 73
List the prime factors of 6170.
2, 5, 617
What are the prime factors of 3730?
2, 5, 373
List the prime factors of 1890.
2, 3, 5, 7
What are the prime factors of 70601?
17, 4153
List the prime factors of 59163.
3, 13, 37, 41
List the prime factors of 17499.
3, 19, 307
List the prime factors of 12417.
3, 4139
What are the prime factors of 5148?
2, 3, 11, 13
What are the prime factors of 8369?
8369
What are the prime factors of 764?
2, 191
List the prime factors of 5855.
5, 1171
What are the prime factors of 478?
2, 239
List the prime factors of 500.
2, 5
List the prime factors of 12034.
2, 11, 547
List the prime factors of 186.
2, 3, 31
What are the prime factors of 13850?
2, 5, 277
List the prime factors of 1403.
23, 61
What are the prime factors of 4812?
2, 3, 401
What are the prime factors of 17931?
3, 43, 139
List the prime factors of 121621.
121621
What are the prime factors of 63382?
2, 11, 43, 67
List the prime factors of 1227.
3, 409
List the prime factors of 58810.
2, 5, 5881
List the prime factors of 81023.
81023
What are the prime factors of 14541?
3, 37, 131
List the prime factors of 74.
2, 37
What are the prime factors of 403?
13, 31
List the prime factors of 7413.
3, 7, 353
List the prime factors of 5405.
5, 23, 47
What are the prime factors of 559?
13, 43
List the prime factors of 315.
3, 5, 7
List the prime factors of 38402.
2, 7, 13, 211
What are the prime factors of 459?
3, 17
What are the prime factors of 11248?
2, 19, 37
List the prime factors of 3938.
2, 11, 179
List the prime factors of 52737.
3, 17579
What are the prime factors of 11985?
3, 5, 17, 47
List the prime factors of 3055.
5, 13, 47
What are the prime factors of 23973?
3, 61, 131
What are the prime factors of 23991?
3, 11, 727
What are the prime factors of 5664?
2, 3, 59
List the prime factors of 3874.
2, 13, 149
List the prime factors of 19272.
2, 3, 11, 73
List the prime factors of 1493.
1493
List the prime factors of 7782.
2, 3, 1297
What are the prime factors of 7196?
2, 7, 257
List the prime factors of 1489.
1489
List the prime factors of 100019.
100019
List the prime factors of 8971.
8971
What are the prime factors of 10238?
2, 5119
List the prime factors of 1574.
2, 787
What are the prime factors of 12996?
2, 3, 19
What are the prime factors of 15937?
15937
List the prime factors of 273.
3, 7, 13
What are the prime factors of 18869?
18869
List the prime factors of 21046.
2, 17, 619
What are the prime factors of 66841?
66841
List the prime factors of 78968.
2, 9871
List the prime factors of 10608.
2, 3, 13, 17
List the prime factors of 1013.
1013
What are the prime factors of 2817?
3, 313
What are the prime factors of 460?
2, 5, 23
List the prime factors of 14039.
101, 139
What are the prime factors of 4387?
41, 107
List the prime factors of 9261.
3, 7
What are the prime factors of 47000?
2, 5, 47
What are the prime factors of 2021?
43, 47
What are the prime factors of 9026?
2, 4513
What are the prime factors of 34018?
2, 73, 233
What are the prime factors of 6124?
2, 1531
List the prime factors of 4963.
7, 709
What are the prime factors of 1236?
2, 3, 103
List the prime factors of 6397.
6397
What are the prime factors of 4079?
4079
List the prime factors of 6628.
2, 1657
List the prime factors of 5035.
5, 19, 53
What are the prime factors of 51377?
83, 619
What are the prime factors of 103929?
3, 7, 101
List the prime factors of 78442.
2, 7, 13, 431
List the prime factors of 17535.
3, 5, 7, 167
What are the prime factors of 6630?
2, 3, 5, 13, 17
List the prime factors of 2633.
2633
What are the prime factors of 5016?
2, 3, 11, 19
What are the prime factors of 16601?
13, 1277
List the prime factors of 362.
2, 181
List the prime factors of 2792.
2, 349
What are the prime factors of 115896?
2, 3, 11, 439
List the prime factors of 19776.
2, 3, 103
List the prime factors of 45759.
3, 7, 2179
List the prime factors of 54306.
2, 3, 7, 431
List the prime factors of 16301.
16301
What are the prime factors of 13621?
53, 257
What are the prime factors of 28?
2, 7
What are the prime factors of 38085?
3, 5, 2539
What are the prime factors of 4736?
2, 37
List the prime factors of 20898.
2, 3, 43
List the prime factors of 301.
7, 43
What are the prime factors of 3698?
2, 43
What are the prime factors of 1319?
1319
What are the prime factors of 831?
3, 277
List the prime factors of 6046.
2, 3023
List the prime factors of 24471.
3, 2719
List the prime factors of 1430.
2, 5, 11, 13
What are the prime factors of 2294?
2, 31, 37
List the prime factors of 3316.
2, 829
What are the prime factors of 43735?
5, 8747
List the prime factors of 1841.
7, 263
List the prime factors of 1055.
5, 211
List the prime factors of 3519.
3, 17, 23
What are the prime factors of 24032?
2, 751
What are the prime factors of 432?
2, 3
What are the prime factors of 9923?
9923
What are the prime factors of 7308?
2, 3, 7, 29
What are the prime factors of 4899?
3, 23, 71
List the prime factors of 14046.
2, 3, 2341
List the prime factors of 51539.
51539
List the prime factors of 35352.
2, 3, 491
What are the prime factors of 7329?
3, 7, 349
List the prime factors of 3582.
2, 3, 199
List the prime factors of 49880.
2, 5, 29, 43
What are the prime factors of 12455?
5, 47, 53
List the prime factors of 1385.
5, 277
What are the prime factors of 1294?
2, 647
List the prime factors of 91434.
2, 3, 7, 311
List the prime factors of 64552.
2, 806